ue
Suppose -46 - 34 = 20*t. Is 25 a factor of (-701)/t - (0 - 7/(-28))?
True
Suppose 0*l = -2*l + 3*w + 3, 0 = 2*l - 4*w. Suppose m + 85 = l*m. Let p = 25 - m. Is p a multiple of 4?
True
Suppose 3*n = 4*u + n - 92, -4*n - 16 = -u. Is 6 a factor of u?
True
Let d = -5 - -20. Let u be 12*-1*d/(-6). Suppose -3*m = 2*m - u. Is m a multiple of 6?
True
Does 7 divide 916*(-3)/36*-15?
False
Let b = 14 - 20. Does 8 divide 2 + 10/b*-6?
False
Let p = -2 + -8. Let r = 13 + p. Suppose 0 = -3*y - 2*y - r*x + 52, 0 = 4*x - 16. Does 8 divide y?
True
Let x(c) = c**2 + 5*c - 9. Let y be x(-6). Is 1/y + (-1263)/(-9) a multiple of 35?
True
Suppose 3*t - 15 = 0, 0 = -n + t - 0 + 2. Suppose -n = 3*z - 40. Does 3 divide z?
False
Suppose -20655 = -28*i + i. Is i a multiple of 15?
True
Let s(y) = y**3 - 25*y**2 - 39*y - 13. Is 10 a factor of s(27)?
False
Let q(s) = 10*s - 40. Let v be q(4). Suppose 4*x - 20 = 2*x. Suppose x*u - 7*u - 12 = v. Does 4 divide u?
True
Let c be 20/(-25)*150/(-4). Suppose 4*q = -0*w - 2*w + c, -2*q + 4*w = -20. Is -3*q/60*-30 a multiple of 12?
True
Suppose 26*y - 25*y - 200 = 0. Suppose -3*g + 5*s = -y, -325 = -4*g - 2*s - 15. Does 12 divide g?
False
Let k(s) = s**3 - 24*s**2 - 38*s - 6. Is k(26) a multiple of 9?
False
Let z be (6/(-4))/(((-44)/(-816))/(-11)). Suppose 8*a = 6*a + z. Is a a multiple of 27?
False
Suppose 0 = 4*v - 5*j - 1958, -2*v - 4*j = -j - 990. Is 13 a factor of v?
False
Let b = -1 - -5. Suppose c + 2*r - 10 = 0, 5*c - 33 = b*r + 73. Is 5 a factor of c?
False
Is 5 - (8/(-12) + (-4015)/3) a multiple of 14?
True
Let s = 569 + -563. Is 6 a factor of s?
True
Let q(a) = -a**2 + 8*a - 4. Suppose 5*t + 3*d - 11 = 14, -2*d = t - 5. Suppose 35 = 5*k - t*m, 6*k = k - 5*m + 35. Is 3 a factor of q(k)?
True
Let l(u) = -176*u + 3. Let z(c) = c - 12. Let s be z(11). Let j be l(s). Suppose 2*i - 3*n - 155 = -24, n = 3*i - j. Does 9 divide i?
False
Suppose 0 = -a + 1 + 1. Suppose a*i - 6 = -2. Does 16 divide (-300)/21*(-7)/i?
False
Let m = 6 + -6. Suppose -2*w + 227 + 19 = m. Does 18 divide w?
False
Suppose 0 = -p - j + 211, -2*j + 176 = p - 38. Does 18 divide p?
False
Let x = -108 + 865. Is x a multiple of 5?
False
Let g be 12 - (-1 - -3 - (9 + -10)). Is g + ((-2)/3)/(5/15) even?
False
Suppose -4*g = -2*a - 544, 0 = -3*g + 3*a + 225 + 177. Does 69 divide g?
True
Let f be 0 - (-335 + (-20)/(-5)). Suppose f - 21 = 5*h. Suppose 3*o - h + 5 = 0. Does 6 divide o?
False
Suppose 0 = t + 2*t - 9. Suppose t*x + 46 = 3*b + 16, -4 = -b - 2*x. Let j(z) = -2*z**2 + 18*z + 3. Is j(b) a multiple of 19?
True
Let v = 3 + 3. Suppose 3*i - 6*i = -k - 11, -i + v = 2*k. Let s(u) = 48*u**2 + 2*u - 1. Is 12 a factor of s(k)?
False
Let c = 18 + -13. Suppose -3*q = -j - 79, 2*j + 143 = c*q + 6*j. Let g = q + -9. Does 6 divide g?
True
Let d be 1*164/(-2) - (0 - -2). Let g = -76 - d. Is g a multiple of 3?
False
Suppose 5*d = 93 + 32. Is d a multiple of 13?
False
Let a(c) be the second derivative of 7*c**5/20 + c**4/3 - c**2 + 2*c + 1. Does 42 divide a(3)?
False
Let d = -74 + 116. Let n(r) = -r**3 - 10. Let w be n(0). Let c = w + d. Is c a multiple of 10?
False
Let n(j) = 20*j**2 - 2*j - 8. Is n(-4) a multiple of 10?
True
Let a = 6 - -2. Suppose -3*o = 3*s - a*s - 325, -405 = -4*o + s. Suppose 0 = 5*n - 0*n - o. Is 20 a factor of n?
True
Let l = 100 - 125. Let c be 1356/(-44) + (-2)/11. Let s = l - c. Is s a multiple of 6?
True
Suppose 4*l = -o - o + 1454, 3*o = 3*l - 1113. Suppose 0 = -3*p + x + 532, 5*x - l = 2*p - 4*p. Is 16 a factor of p?
False
Let l = -867 + 1252. Does 35 divide l?
True
Let s be (3 + 1)*30/(-24). Let a be (-10)/s*3*-1. Is -3*(a/9 + -4) a multiple of 4?
False
Let k(y) = 3*y**2. Is k(2) even?
True
Let b(s) be the second derivative of -s**8/560 - s**7/2520 + s**5/120 - 5*s**4/12 - 2*s. Let c(m) be the third derivative of b(m). Is 3 a factor of c(-1)?
True
Let r = 580 - 172. Does 43 divide r?
False
Let k be -45*3*(-20)/18. Suppose 2*q = -4*u - 7 + 27, 2*u = q + 10. Suppose -10*h = -u*h - k. Does 21 divide h?
False
Let k(d) = 2*d**3 - 2*d**2 + 2*d - 8. Let l be k(2). Suppose 7 = m + a, 6*m - 16 = 2*m + 2*a. Suppose 126 + l = m*s. Does 13 divide s?
True
Let w(l) = l**3 + 4*l**2 - 14*l - 12. Let q be w(-6). Let k(x) = 2*x + 14. Does 3 divide k(q)?
False
Suppose 5*q = -37 - 53. Is q/(-45) + (-1256)/(-10) a multiple of 17?
False
Suppose 25*z - 20*z - 3*p - 11188 = 0, -2*p - 6712 = -3*z. Is 80 a factor of z?
True
Suppose 5 = -z, 0 = y - 7*z + 3*z - 25. Suppose -3*q = l - 80, -4*l + y*q - 3*q + 320 = 0. Is l a multiple of 8?
True
Let c = 5 - -4. Let m = 16 - c. Let a = 42 + m. Is a a multiple of 7?
True
Let b(a) = -38*a + 108. Is b(-24) a multiple of 68?
True
Let o be 34/4 + 7/(-14). Suppose -q - 3*r + o*r = 0, 2*q - 11 = -r. Let t = 9 - q. Is t a multiple of 4?
True
Suppose -16 = -2*x + 8. Suppose -4*v = -v - x. Suppose 3*k = -v*i - 68 + 196, -46 = -k - 3*i. Is k a multiple of 10?
True
Let k(z) = 152*z**2 - 2*z - 17. Does 11 divide k(-3)?
False
Let v(u) = -u**2 - 10*u - 3. Let m be ((4 - 2)*-1)/((-2)/(-6)). Does 18 divide v(m)?
False
Suppose -16*d = -26*d + 10560. Is d a multiple of 22?
True
Let j be -2 - ((-9)/(-3) + -16). Let d(o) = -o + 9. Let l be d(9). Suppose 0 = -l*v + v - j. Is 3 a factor of v?
False
Suppose 7*m - 60 = -2*c + 3*m, -4*c + 4*m = -180. Does 10 divide c?
True
Let k = -709 - -1731. Is 29 a factor of k?
False
Let n(r) = -7*r**2 - 13*r + 10. Let y(o) = -8*o**2 - 12*o + 9. Let q(h) = 6*n(h) - 5*y(h). Is q(-9) a multiple of 4?
False
Let f(h) = -h**3 + 4*h**2 - 3*h. Let p be f(2). Let g = 7 + -5. Suppose -4*a + 28 = p*r, -5*a - 2 = g*r - 35. Is 2 a factor of r?
True
Let y(j) = -3 + 2*j - 7 + 0 + 7*j**2. Is y(4) a multiple of 10?
True
Let n = -4 + 8. Let t be 1 - 12/n - -4. Suppose t = 5*s - 3, 0 = -d - s + 8. Does 3 divide d?
False
Let f(w) = 2*w**3 - w. Let o be f(2). Let h be 3/7 + (-48)/o. Is ((-2)/h)/((-10)/(-390)) a multiple of 13?
True
Suppose -1 = -0*g + g - 4*o, 5*o + 20 = -3*g. Let t(b) = -7*b - 10. Is t(g) a multiple of 19?
False
Let z = -17 + 17. Let d(w) = 0 - 44*w**3 + z*w**3 - 1 - 65*w**3. Does 27 divide d(-1)?
True
Let m(y) = y**2 - 9*y + 9. Let k be m(7). Is 7 a factor of (k - -3)*14/(-4)?
True
Does 2 divide (0 + -46)*1314/(-292)?
False
Let r = 36 - 20. Let n = -12 + r. Is n a multiple of 4?
True
Suppose -4*l = 5*p - 3826, 5*l = -20*p + 24*p + 4803. Is 88 a factor of l?
False
Let d(j) = j**3 - 21*j**2 + 17*j + 40. Let z be d(20). Let h = 55 + z. Is h a multiple of 4?
False
Suppose 0 = -8*h + 3*h + 80. Let i = -9 + h. Does 7 divide i?
True
Let n(k) = k**3 - 6*k**2 - 3*k - 6. Let w be n(7). Suppose 2*r - 34 = w. Does 14 divide r?
True
Let a(k) = k**2 + 70*k - 270. Does 31 divide a(-76)?
True
Let l be 2 + 0*3/9. Suppose -l*u - 15 = -3*u. Is u a multiple of 13?
False
Let p(q) = 4*q - 12. Let j(m) = -2*m**2 - 9 + 4*m**2 + 4*m - m**2. Let z be j(-7). Does 18 divide p(z)?
True
Let f be 10 + ((-3)/3 - 0). Let s be ((-24)/(-16))/(f/(-12)). Let p(g) = -6*g**3 - g**2 + 2*g + 3. Is 17 a factor of p(s)?
False
Suppose 0 = n - 4, 2*v - 2*n + 20 = 3*n. Suppose t - 75 = -5*z - 0, v = 5*z. Does 15 divide t?
True
Let j(v) = -8*v - 6. Let x(u) = 2*u**2 - 12*u + 4. Let q be x(5). Is 26 a factor of j(q)?
False
Is (-13371)/(-39)*1 + (-2)/(-13) a multiple of 8?
False
Let h = 91 + -87. Let v be (-4)/(-2) + (-6)/3. Suppose -2*l = -5*l - h*o - 2, v = 4*l + 2*o - 4. Is l a multiple of 2?
True
Let w(y) = -5*y - 7*y**2 - y + 5 + 2 - y**3. Suppose -55*o = 245 + 140. Is w(o) a multiple of 12?
False
Suppose 0 = -4*y - y + 1125. Let a = y - 108. Let c = -73 + a. Does 22 divide c?
True
Suppose 5247 = 12*f - 6609. Does 29 divide f?
False
Let p(s) be the third derivative of 5*s**4/8 + 4*s**3/3 + s**2. Does 6 divide p(3)?
False
Let j be (14/(-6))/(12/(-684)). Suppose 9*i - 2*i - j = 0. Does 3 divide i?
False
Let v = 282 + -192. Let s = 232 - v. Does 23 divide s?
False
Let k be 21/6 + 1/2. Suppose 3*z = -k*r + 83, z = -r + 4*z + 2. Is 12 a factor of r?
False
Suppose -3*n + 26 = 17. Suppose -4*i + 4*m = -2*i - 4, 3*m - n = 3*i. Is 9 a factor of ((-2)/i)/(5/180)?
True
Let u be ((-10)/(-3))/((-6)/(-9)). Suppose -w = -2*k - 2*k + 14, -5*w = 5*k - u. Let c(y) = -3*y**3 + 4*y**2 + 3*y - 2. Is 16 a factor of c(w)?
True
Let j(s) = -s**2 + 4*s + 12. Let u be j(6). Su